{"id":13,"date":"2025-11-28T19:04:17","date_gmt":"2025-11-28T19:04:17","guid":{"rendered":"https:\/\/azoospermija.si\/?page_id=13"},"modified":"2025-12-03T08:43:41","modified_gmt":"2025-12-03T08:43:41","slug":"naslov","status":"publish","type":"page","link":"https:\/\/azoospermija.si\/","title":{"rendered":"Azoospermia"},"content":{"rendered":"\t\t<div data-elementor-type=\"wp-page\" data-elementor-id=\"13\" class=\"elementor elementor-13\" data-elementor-post-type=\"page\">\n\t\t\t\t<div class=\"elementor-element elementor-element-7276c083 e-flex e-con-boxed e-con e-parent\" data-id=\"7276c083\" data-element_type=\"container\">\n\t\t\t\t\t<div class=\"e-con-inner\">\n\t\t\t\t<div class=\"elementor-element elementor-element-a9a138a elementor-widget elementor-widget-heading\" data-id=\"a9a138a\" data-element_type=\"widget\" data-widget_type=\"heading.default\">\n\t\t\t\t\t<h1 class=\"elementor-heading-title elementor-size-default\"><p class=\"MsoNormal\"><b>Od diagnoze brez upanja do rojstva najine h\u010derke: Zgodba\no virtualni azoospermiji in 7-letni poti do star\u0161evstva<\/b><\/p>\n\n<\/h1>\t\t\t\t<\/div>\n\t\t\t\t\t<\/div>\n\t\t\t\t<\/div>\n\t\t<div class=\"elementor-element elementor-element-1dc6c7c7 e-flex e-con-boxed e-con e-parent\" data-id=\"1dc6c7c7\" data-element_type=\"container\">\n\t\t\t\t\t<div class=\"e-con-inner\">\n\t\t\t\t<div class=\"elementor-element elementor-element-f9c2566 elementor-widget elementor-widget-text-editor\" data-id=\"f9c2566\" data-element_type=\"widget\" data-widget_type=\"text-editor.default\">\n\t\t\t\t\t\t\t\t\t<p class=\"MsoNormal\">V tem zapisu \u017eelim pomagati vsem, ki se znajdejo v podobni situaciji, kot sem se sam. Moja zgodba govori o redki in te\u017eki obliki neplodnosti \u2013 tako imenovani <b>azoospermiji<\/b>, pri kateri v izlivu ni zaznati nobene semen\u010dice. Vendar se je izkazalo, da je bila ta diagnoza le povr\u0161inska resnica. Po ve\u010d kot sedmih letih raziskovanj, obupov, upanja in ne\u0161tetih preizkusov, sva z \u017eeno postala star\u0161a zdrave in \u010dudovite h\u010derke. V tem blogu podrobno opisujem najino pot in upam, da bo komu odprla o\u010di, mu dala pogum in predvsem \u2013 upanje.<\/p>\n<div class=\"MsoNormal\" style=\"text-align: center;\" align=\"center\"><hr align=\"center\" size=\"2\" width=\"100%\" \/><\/div>\n<p class=\"MsoNormal\"><b>Prvi koraki in \u0161okantna diagnoza<\/b><\/p>\n<p class=\"MsoNormal\">Vse se je za\u010delo na kliniki UKC Maribor. Z \u017eeno sva po osmih mesecih neuspe\u0161nega posku\u0161anja zanositve za\u010dela sumiti, da nekaj ni v redu. Odlo\u010dil sem se za pregled semena, kar je bila ena te\u017ejih odlo\u010ditev \u2013 ne zaradi postopka, temve\u010d zaradi strahu pred rezultati.<\/p>\n<p class=\"MsoNormal\">V <b>oktobru 2017<\/b> sem oddal prvi vzorec semena v laboratoriju v Mariboru. Rezultat je bil grozljiv: <b>niti ene same semen\u010dice<\/b>. \u0160ok, praznina in ob\u010dutek nemo\u010di so me povsem prevzeli.<\/p>\n<p class=\"MsoNormal\">Sledili so \u0161e dodatni vzorci. V enem izmed njih so po intenzivnem postopku <b>centrifugiranja<\/b> le uspeli najti <b>dve semen\u010dici<\/b>, ki so ju zamrznili. A to ni dajalo veliko upanja. Diagnoza je bila jasna \u2013 <b>te\u017eka oblika azoospermije<\/b>, kjer ni realnih mo\u017enosti za naravno zanositev.<\/p>\n<div class=\"MsoNormal\" style=\"text-align: center;\" align=\"center\"><hr align=\"center\" size=\"2\" width=\"100%\" \/><\/div>\n<p class=\"MsoNormal\"><b>Od zanikanja do raziskovanja<\/b><\/p>\n<p class=\"MsoNormal\">Ker se s tem preprosto nisem mogel sprijazniti, sem naredil to, kar danes dela ve\u010dina ljudi v stiski \u2013 <b>za\u010del sem brskati po spletu<\/b>. Prebiral sem znanstvene \u010dlanke, \u0161tudije, izku\u0161nje drugih in raziskoval vsako mogo\u010do pot.<\/p>\n<p class=\"MsoNormal\">Takrat sem naletel na \u010dlanek, ki mi je odprl popolnoma nov pogled:<\/p>\n<p class=\"MsoNormal\"><span style=\"font-family: 'Segoe UI Emoji',sans-serif; mso-bidi-font-family: 'Segoe UI Emoji';\">\ud83d\udc49<\/span> <a href=\"https:\/\/onlinelibrary.wiley.com\/doi\/full\/10.2164\/jandrol.05210\" target=\"_new\"><b>Male infertility: Are we missing the boat?<\/b><\/a><\/p>\n<p class=\"MsoNormal\"><b>Klju\u010dno spoznanje iz \u010dlanka:<\/b><\/p>\n<p class=\"MsoNormal\">Avtor \u010dlanka, dr. Trevor G. Cooper, vpelje pojem <b>virtualne azoospermije<\/b>. Po njegovem mnenju imajo skoraj vsi mo\u0161ki v izlivu vsaj nekaj spolnih celic, vendar jih obi\u010dajni laboratoriji zaradi klasi\u010dnih metod analize <b>ne uspejo zaznati<\/b>. Te celice so tam \u2013 a so kot majhna ribica v velikem oceanu. Najti jih je izjemno te\u017eko, vendar <b>ni nemogo\u010de<\/b>.<\/p>\n<p class=\"MsoNormal\">To spoznanje mi je vlilo novo upanje. \u010ce so semen\u010dice vendarle tam, je klju\u010d le v tem, <b>kako jih poiskati<\/b>.<\/p>\n<div class=\"MsoNormal\" style=\"text-align: center;\" align=\"center\"><hr align=\"center\" size=\"2\" width=\"100%\" \/><\/div>\n<p class=\"MsoNormal\"><b>Prvi dokaz: \u010ce\u0161ka klinika Gennet<\/b><\/p>\n<p class=\"MsoNormal\">Odlo\u010dil sem se, da preverim, ali obstaja na\u010din za bolj napredno iskanje semen\u010dic. Moja pot me je peljala na \u010ce\u0161ko, na kliniko <b>Gennet<\/b>, ki je takrat ponujala posebno metodo \u0161tetja spolnih celic <b>s pomo\u010djo laserske tehnologije<\/b>.<\/p>\n<p class=\"MsoNormal\">Oddal sem vzorec in do\u017eivel novo presene\u010denje: po njihovi metodi so <b>na\u0161li kar 400.000 semen\u010dic v mojem izlivu<\/b>.<\/p>\n<p class=\"MsoNormal\">\u0160e enkrat \u2013 v Sloveniji pod mikroskopom niso na\u0161li niti ene. To je bil trenutek, ko sem si <b>dokazal<\/b>, da nisem brezupen primer. Res je, da je \u0161tevilo izjemno majhno v primerjavi z zdravim mo\u0161kim (ki jih ima od 20 do 150 milijonov na mililiter), ampak <b>so tam<\/b>.<\/p>\n<p class=\"MsoNormal\">Moje zaupanje v koncept virtualne azoospermije se je potrdilo.<\/p>\n<div class=\"MsoNormal\" style=\"text-align: center;\" align=\"center\"><hr align=\"center\" size=\"2\" width=\"100%\" \/><\/div>\n<p class=\"MsoNormal\"><b>Kaj pa zdaj? Kako jih poiskati?<\/b><\/p>\n<p class=\"MsoNormal\">Vse bolj mi je postajalo jasno, da je glavni problem v <b>na\u010dinu iskanja<\/b>. Obiskal sem razli\u010dne klinike \u2013 v Mariboru, Ljubljani, Zagrebu in Pragi \u2013 a povsod ista zgodba: <b>niso na\u0161li ni\u010desar<\/b>.<\/p>\n<p class=\"MsoNormal\">Imel sem ob\u010dutek, da se ve\u010dina evropskih klinik veliko bolj ukvarja z <b>\u017eensko neplodnostjo<\/b>, mo\u0161ki del pa je nekako zapostavljen.<\/p>\n<p class=\"MsoNormal\">Nadaljeval sem z raziskovanjem in po ve\u010d letih kon\u010dno naletel na tisto, kar sem iskal \u2013 <b>metoda ESSM (Extended Sperm Search &amp; Microfreeze)<\/b>, ki jo izvajajo le v <b>Izraelu<\/b> in <b>New Yorku<\/b>.<\/p>\n<div class=\"MsoNormal\" style=\"text-align: center;\" align=\"center\"><hr align=\"center\" size=\"2\" width=\"100%\" \/><\/div>\n<p class=\"MsoNormal\"><b>ESSM \u2013 re\u0161itev, ki jo i\u0161\u010de ves svet<\/b><\/p>\n<p class=\"MsoNormal\">ESSM je izjemno natan\u010dna metoda, pri kateri embriologi ure in ure preiskujejo izliv semena, da bi na\u0161li <b>vsako posamezno semen\u010dico<\/b>, nato pa jih mikroskopsko zamrznejo na <b>posebna stojala<\/b>, kjer jih lahko pozneje znova najdejo.<\/p>\n<p class=\"MsoNormal\">Ve\u010d o metodi si lahko preberete tukaj:<br \/><span style=\"font-family: 'Segoe UI Emoji',sans-serif; mso-bidi-font-family: 'Segoe UI Emoji';\">\ud83d\udc49<\/span> <a href=\"https:\/\/www.mazelabs.com\/male-infertility\/extended-sperm-search-microfreeze-essm\/\" target=\"_new\">ESSM na Maze Labs<\/a><\/p>\n<p class=\"MsoNormal\">Na \u017ealost sem ravno takrat zaradi korone <b>ne mogel v Izrael<\/b>, zato sem se odlo\u010dil za obisk <b>New Yorka<\/b>. A tudi to ni bilo enostavno \u2013 ZDA takrat niso sprejemale obiskovalcev iz schengenskega obmo\u010dja.<\/p>\n<p class=\"MsoNormal\">Zato sem najprej <b>pre\u017eivel 2 tedna v Zagrebu<\/b>, nato pa letel iz <b>Beograda<\/b> v New York.<\/p>\n<div class=\"MsoNormal\" style=\"text-align: center;\" align=\"center\"><hr align=\"center\" size=\"2\" width=\"100%\" \/><\/div>\n<p class=\"MsoNormal\"><b>New York \u2013 nova prelomnica<\/b><\/p>\n<p class=\"MsoNormal\">V kliniki <b>Maze Labs<\/b> sem oddal vzorec semena in \u2013 \u017ee v prvem vzorcu so mi na\u0161li <b>13 semen\u010dic<\/b>! To je bil ve\u010d kot dokaz, da metoda deluje. A \u0161e bolj pomembno: <b>vse so uspeli tudi zamrzniti<\/b>, kar v Sloveniji nikoli ni uspelo.<\/p>\n<p class=\"MsoNormal\">Uporabili so <b>posebna stojala s kapljicami<\/b>, v katere so posamezne semen\u010dice natan\u010dno ozna\u010dili in shranili, da jih je bilo mogo\u010de znova najti.<\/p>\n<div class=\"MsoNormal\" style=\"text-align: center;\" align=\"center\"><hr align=\"center\" size=\"2\" width=\"100%\" \/><\/div>\n<p class=\"MsoNormal\"><b>Povezava z UKC Maribor in nadaljevanje zdravljenja<\/b><\/p>\n<p class=\"MsoNormal\">Po vrnitvi domov sem se spet oglasil na UKC Maribor, kjer so bili tokrat zelo odprti in prijazni. \u0160e posebej bi izpostavil dr. <b>Boruta Kova\u010di\u010da<\/b>, ki je kot embriolog stopil v stik s kliniko v New Yorku in pridobil natan\u010dna <b>navodila za iskanje in zamrzovanje semen\u010dic<\/b> po metodi ESSM.<\/p>\n<p class=\"MsoNormal\">Oddal sem \u0161e nekaj vzorcev, pri \u010demer so mi tokrat na\u0161li <b>8 semen\u010dic<\/b> in jih uspe\u0161no zamrznili. Na dan punkcije moje \u017eene so v <b>sve\u017eem vzorcu<\/b> na\u0161li \u0161e dodatnih <b>5 semen\u010dic<\/b>.<\/p>\n<p class=\"MsoNormal\">Z vsemi zbranimi semen\u010dicami sva oplodila <b>13 jaj\u010dec<\/b>.<\/p>\n<div class=\"MsoNormal\" style=\"text-align: center;\" align=\"center\"><hr align=\"center\" size=\"2\" width=\"100%\" \/><\/div>\n<p class=\"MsoNormal\"><b>Zadnji zarodek \u2013 zadnja prilo\u017enost<\/b><\/p>\n<p class=\"MsoNormal\">Od 13 oplojenih jaj\u010dec so se <b>le 4 razvili v 3-dnevne zarodke<\/b>. Prvi prenos 1 zarodka je bil neuspe\u0161en. Nato so mi vstavili \u0161e 2 zarodka hkrati \u2013 tudi tokrat brez uspeha.<\/p>\n<p class=\"MsoNormal\">Ostal nama je <b>zadnji zarodek<\/b> \u2013 zadnja mo\u017enost.<\/p>\n<p class=\"MsoNormal\">Bila sva psihi\u010dno in telesno iz\u010drpana. Odlo\u010dila sva se, da potrebujeva \u010das zase. <b>Leto dni premora<\/b>, da si opomoreva.<\/p>\n<div class=\"MsoNormal\" style=\"text-align: center;\" align=\"center\"><hr align=\"center\" size=\"2\" width=\"100%\" \/><\/div>\n<p class=\"MsoNormal\"><b>Duhovno iskanje in Bali<\/b><\/p>\n<p class=\"MsoNormal\">V tem obdobju sva se podala tudi na <b>duhovno pot<\/b>. Obiskala sva bioenergetike, preizkusila <b>homeopatske tablete iz Indije<\/b>, opravila branje <b>Aka\u0161kih zapisov<\/b>, da bi razumela, ali je v ozadju \u0161e kak globlji vzrok.<\/p>\n<p class=\"MsoNormal\">Na koncu sva se odlo\u010dila za nekaj, kar nama je prineslo popolno notranjo umiritev \u2013 <b>potovanje na Bali<\/b>, kjer sva se duhovno resetirala.<\/p>\n<div class=\"MsoNormal\" style=\"text-align: center;\" align=\"center\"><hr align=\"center\" size=\"2\" width=\"100%\" \/><\/div>\n<p class=\"MsoNormal\"><b>Kri\u017eec na testu \u2013 \u010dude\u017e!<\/b><\/p>\n<p class=\"MsoNormal\">Dva tedna po vrnitvi iz Balija je moja \u017eena od\u0161la na prenos <b>zadnjega zarodka<\/b>. Sledilo je najdalj\u0161ih 14 dni v najinem \u017eivljenju.<\/p>\n<p class=\"MsoNormal\">Nato pa \u2013 <b>plus<\/b> na nose\u010dni\u0161kem testu. Srce nama je skoraj eksplodiralo od sre\u010de.<\/p>\n<p class=\"MsoNormal\">Po \u010dudoviti, zdravi in lahki nose\u010dnosti se nama je rodila <b>h\u010derka<\/b>, najin \u010dude\u017e, najina zmaga.<\/p>\n<div class=\"MsoNormal\" style=\"text-align: center;\" align=\"center\"><hr align=\"center\" size=\"2\" width=\"100%\" \/><\/div>\n<p class=\"MsoNormal\"><b>Zaklju\u010dek: Za vse, ki so sli\u0161ali \u201cni mogo\u010de\u201d<\/b><\/p>\n<p class=\"MsoNormal\">Zapisujem to zgodbo zato, ker si \u017eelim, da bi nekomu pomagala. Ker vem, kako je, ko ti zdravniki re\u010dejo: <i>\u00bbV va\u0161em izlivu ni nobene semen\u010dice.\u00ab<\/i> In ti s tem vzamejo upanje.<\/p>\n<p class=\"MsoNormal\">Jaz sem dokaz, da <b>to ni nujno res<\/b>. Dokaz, da so semen\u010dice tam \u2013 \u010de jih zna\u0161 poiskati. In dokaz, da tudi najbolj nemogo\u010da zgodba <b>lahko dobi sre\u010den konec<\/b>.<\/p>\n<p class=\"MsoNormal\">\u010ce si v podobni situaciji: <b>ne obupaj. Vztrajaj. Raziskuj. Povej svojo zgodbo. In ne nehaj verjeti.<\/b><\/p>\n<p>\u00a0<\/p>\n<p class=\"MsoNormal\"><br \/>Hvale\u017een bom, \u010de bo moja izku\u0161nja pomagala \u0161e komu postati o\u010de ali mama. <span style=\"font-family: 'Segoe UI Emoji',sans-serif; mso-bidi-font-family: 'Segoe UI Emoji';\">\u2764\ufe0f<\/span><\/p>\t\t\t\t\t\t\t\t<\/div>\n\t\t\t\t<div class=\"elementor-element elementor-element-1a760557 elementor-align-center elementor-widget elementor-widget-post-info\" data-id=\"1a760557\" data-element_type=\"widget\" data-widget_type=\"post-info.default\">\n\t\t\t\t\t\t\t<ul class=\"elementor-inline-items elementor-icon-list-items elementor-post-info\">\n\t\t\t\t\t\t\t\t<li class=\"elementor-icon-list-item elementor-repeater-item-7f530f1 elementor-inline-item\" itemprop=\"datePublished\">\n\t\t\t\t\t\t<a href=\"https:\/\/azoospermija.si\/?m=20251128\">\n\t\t\t\t\t\t\t\t\t\t\t\t\t\t<span class=\"elementor-icon-list-text elementor-post-info__item elementor-post-info__item--type-date\">\n\t\t\t\t\t\t\t\t\t\t<time>November 28, 2025<\/time>\t\t\t\t\t<\/span>\n\t\t\t\t\t\t\t\t\t<\/a>\n\t\t\t\t<\/li>\n\t\t\t\t<li class=\"elementor-icon-list-item elementor-repeater-item-6863c75 elementor-inline-item\" itemprop=\"author\">\n\t\t\t\t\t\t<a href=\"https:\/\/azoospermija.si\/?author=1\">\n\t\t\t\t\t\t\t\t\t\t\t\t\t\t<span class=\"elementor-icon-list-text elementor-post-info__item elementor-post-info__item--type-author\">\n\t\t\t\t\t\t\t\t\t\tadmin\t\t\t\t\t<\/span>\n\t\t\t\t\t\t\t\t\t<\/a>\n\t\t\t\t<\/li>\n\t\t\t\t<\/ul>\n\t\t\t\t\t\t<\/div>\n\t\t\t\t<div class=\"elementor-element elementor-element-788fefda elementor-widget elementor-widget-post-navigation\" data-id=\"788fefda\" data-element_type=\"widget\" data-widget_type=\"post-navigation.default\">\n\t\t\t\t\t\t\t<div class=\"elementor-post-navigation\" role=\"navigation\" aria-label=\"Post Navigation\">\n\t\t\t<div class=\"elementor-post-navigation__prev elementor-post-navigation__link\">\n\t\t\t\t\t\t\t<\/div>\n\t\t\t\t\t\t<div class=\"elementor-post-navigation__next elementor-post-navigation__link\">\n\t\t\t\t\t\t\t<\/div>\n\t\t<\/div>\n\t\t\t\t\t\t<\/div>\n\t\t<div class=\"elementor-element elementor-element-4522ed e-con-full e-flex e-con e-child\" data-id=\"4522ed\" data-element_type=\"container\">\n\t\t\t\t<div class=\"elementor-element elementor-element-103d925a elementor-widget elementor-widget-heading\" data-id=\"103d925a\" data-element_type=\"widget\" data-widget_type=\"heading.default\">\n\t\t\t\t\t<span class=\"elementor-heading-title elementor-size-default\">Share the Post:<\/span>\t\t\t\t<\/div>\n\t\t\t\t<div class=\"elementor-element elementor-element-34f5614d elementor-share-buttons--view-icon elementor-share-buttons--skin-minimal elementor-share-buttons--color-custom elementor-share-buttons--shape-square elementor-grid-0 elementor-widget elementor-widget-share-buttons\" data-id=\"34f5614d\" data-element_type=\"widget\" data-widget_type=\"share-buttons.default\">\n\t\t\t\t\t\t\t<div class=\"elementor-grid\" role=\"list\">\n\t\t\t\t\t\t\t\t<div class=\"elementor-grid-item\" role=\"listitem\">\n\t\t\t\t\t\t<div class=\"elementor-share-btn elementor-share-btn_facebook\" role=\"button\" tabindex=\"0\" aria-label=\"Share on facebook\">\n\t\t\t\t\t\t\t\t\t\t\t\t\t\t\t<span class=\"elementor-share-btn__icon\">\n\t\t\t\t\t\t\t\t<svg aria-hidden=\"true\" class=\"e-font-icon-svg e-fab-facebook\" viewBox=\"0 0 512 512\" xmlns=\"http:\/\/www.w3.org\/2000\/svg\"><path d=\"M504 256C504 119 393 8 256 8S8 119 8 256c0 123.78 90.69 226.38 209.25 245V327.69h-63V256h63v-54.64c0-62.15 37-96.48 93.67-96.48 27.14 0 55.52 4.84 55.52 4.84v61h-31.28c-30.8 0-40.41 19.12-40.41 38.73V256h68.78l-11 71.69h-57.78V501C413.31 482.38 504 379.78 504 256z\"><\/path><\/svg>\t\t\t\t\t\t\t<\/span>\n\t\t\t\t\t\t\t\t\t\t\t\t\t\t\t\t\t\t\t\t<\/div>\n\t\t\t\t\t<\/div>\n\t\t\t\t\t\t\t\t\t<div class=\"elementor-grid-item\" role=\"listitem\">\n\t\t\t\t\t\t<div class=\"elementor-share-btn elementor-share-btn_twitter\" role=\"button\" tabindex=\"0\" aria-label=\"Share on twitter\">\n\t\t\t\t\t\t\t\t\t\t\t\t\t\t\t<span class=\"elementor-share-btn__icon\">\n\t\t\t\t\t\t\t\t<svg aria-hidden=\"true\" class=\"e-font-icon-svg e-fab-twitter\" viewBox=\"0 0 512 512\" xmlns=\"http:\/\/www.w3.org\/2000\/svg\"><path d=\"M459.37 151.716c.325 4.548.325 9.097.325 13.645 0 138.72-105.583 298.558-298.558 298.558-59.452 0-114.68-17.219-161.137-47.106 8.447.974 16.568 1.299 25.34 1.299 49.055 0 94.213-16.568 130.274-44.832-46.132-.975-84.792-31.188-98.112-72.772 6.498.974 12.995 1.624 19.818 1.624 9.421 0 18.843-1.3 27.614-3.573-48.081-9.747-84.143-51.98-84.143-102.985v-1.299c13.969 7.797 30.214 12.67 47.431 13.319-28.264-18.843-46.781-51.005-46.781-87.391 0-19.492 5.197-37.36 14.294-52.954 51.655 63.675 129.3 105.258 216.365 109.807-1.624-7.797-2.599-15.918-2.599-24.04 0-57.828 46.782-104.934 104.934-104.934 30.213 0 57.502 12.67 76.67 33.137 23.715-4.548 46.456-13.32 66.599-25.34-7.798 24.366-24.366 44.833-46.132 57.827 21.117-2.273 41.584-8.122 60.426-16.243-14.292 20.791-32.161 39.308-52.628 54.253z\"><\/path><\/svg>\t\t\t\t\t\t\t<\/span>\n\t\t\t\t\t\t\t\t\t\t\t\t\t\t\t\t\t\t\t\t<\/div>\n\t\t\t\t\t<\/div>\n\t\t\t\t\t\t\t\t\t<div class=\"elementor-grid-item\" role=\"listitem\">\n\t\t\t\t\t\t<div class=\"elementor-share-btn elementor-share-btn_linkedin\" role=\"button\" tabindex=\"0\" aria-label=\"Share on linkedin\">\n\t\t\t\t\t\t\t\t\t\t\t\t\t\t\t<span class=\"elementor-share-btn__icon\">\n\t\t\t\t\t\t\t\t<svg aria-hidden=\"true\" class=\"e-font-icon-svg e-fab-linkedin\" viewBox=\"0 0 448 512\" xmlns=\"http:\/\/www.w3.org\/2000\/svg\"><path d=\"M416 32H31.9C14.3 32 0 46.5 0 64.3v383.4C0 465.5 14.3 480 31.9 480H416c17.6 0 32-14.5 32-32.3V64.3c0-17.8-14.4-32.3-32-32.3zM135.4 416H69V202.2h66.5V416zm-33.2-243c-21.3 0-38.5-17.3-38.5-38.5S80.9 96 102.2 96c21.2 0 38.5 17.3 38.5 38.5 0 21.3-17.2 38.5-38.5 38.5zm282.1 243h-66.4V312c0-24.8-.5-56.7-34.5-56.7-34.6 0-39.9 27-39.9 54.9V416h-66.4V202.2h63.7v29.2h.9c8.9-16.8 30.6-34.5 62.9-34.5 67.2 0 79.7 44.3 79.7 101.9V416z\"><\/path><\/svg>\t\t\t\t\t\t\t<\/span>\n\t\t\t\t\t\t\t\t\t\t\t\t\t\t\t\t\t\t\t\t<\/div>\n\t\t\t\t\t<\/div>\n\t\t\t\t\t\t<\/div>\n\t\t\t\t\t\t<\/div>\n\t\t\t\t<\/div>\n\t\t\t\t\t<\/div>\n\t\t\t\t<\/div>\n\t\t\t\t<\/div>\n\t\t","protected":false},"excerpt":{"rendered":"<p>Od diagnoze brez upanja do rojstva najine h\u010derke: Zgodba o virtualni azoospermiji in 7-letni poti do star\u0161evstva V tem zapisu \u017eelim pomagati vsem, ki se znajdejo v podobni situaciji, kot sem se sam. Moja zgodba govori o redki in te\u017eki obliki neplodnosti \u2013 tako imenovani azoospermiji, pri kateri v izlivu ni zaznati nobene semen\u010dice. Vendar [&hellip;]<\/p>\n","protected":false},"author":1,"featured_media":0,"parent":0,"menu_order":0,"comment_status":"closed","ping_status":"closed","template":"elementor_canvas","meta":{"footnotes":""},"class_list":["post-13","page","type-page","status-publish","hentry"],"_links":{"self":[{"href":"https:\/\/azoospermija.si\/index.php?rest_route=\/wp\/v2\/pages\/13","targetHints":{"allow":["GET"]}}],"collection":[{"href":"https:\/\/azoospermija.si\/index.php?rest_route=\/wp\/v2\/pages"}],"about":[{"href":"https:\/\/azoospermija.si\/index.php?rest_route=\/wp\/v2\/types\/page"}],"author":[{"embeddable":true,"href":"https:\/\/azoospermija.si\/index.php?rest_route=\/wp\/v2\/users\/1"}],"replies":[{"embeddable":true,"href":"https:\/\/azoospermija.si\/index.php?rest_route=%2Fwp%2Fv2%2Fcomments&post=13"}],"version-history":[{"count":16,"href":"https:\/\/azoospermija.si\/index.php?rest_route=\/wp\/v2\/pages\/13\/revisions"}],"predecessor-version":[{"id":35,"href":"https:\/\/azoospermija.si\/index.php?rest_route=\/wp\/v2\/pages\/13\/revisions\/35"}],"wp:attachment":[{"href":"https:\/\/azoospermija.si\/index.php?rest_route=%2Fwp%2Fv2%2Fmedia&parent=13"}],"curies":[{"name":"wp","href":"https:\/\/api.w.org\/{rel}","templated":true}]}}